of g?
6
Suppose 5*l - 680 = 425. What is the hundreds digit of l?
2
Suppose 4*l - 854 = -130. What is the units digit of l?
1
Let t be (-416)/(-39)*6/4. Let s = t + -4. What is the tens digit of s?
1
Let o(n) = -n - 2. Let w be o(-5). Suppose -3*s - 29 = -k, 5*s + 20 = w*k - 59. What is the units digit of k?
3
Let p(i) = -2*i + 3. Let d be 5*3/(45/6). Let b be p(d). What is the tens digit of (-2 + b)*20/(-6)?
1
Let h be 2*(3 - (-2 - -2)). Let l(d) = 4*d. Let o be l(h). Suppose 5*m = 3*c - 31, 3*c - o = -c - 2*m. What is the units digit of c?
7
Suppose -8*v = -3*v - 150. Suppose 2*w - 7*w - 41 = -2*i, -3*i + v = 3*w. Suppose -p + i = 2. What is the tens digit of p?
1
Suppose -2*u + 89 + 19 = 0. What is the units digit of u?
4
Let c be 34 - ((-4 - 1) + 2). Suppose -5*j + 0*y - 3*y = -c, 0 = 4*y - 16. Let t = j + 4. What is the units digit of t?
9
Suppose 0 = -3*g - 4*q + 179, -3*g = 2*q - q - 164. What is the tens digit of g?
5
Let n(a) = a**2 - 8*a + 9. Let u be n(7). Suppose u*x + x = 6. What is the units digit of (-64)/(-12)*3/x?
8
Let r(q) = q**2 - 2*q - 8. What is the units digit of r(-8)?
2
Let u(p) = 6*p**2 + p + 1. Let d be u(-1). What is the units digit of (-168)/d*(-6)/8?
1
Suppose 0 = 3*l - 60 - 27. What is the units digit of l?
9
Let n = -78 + 97. What is the tens digit of n?
1
Suppose 0 = v - 2, -i + 0*i - v = -5. Let d be (5 - -1) + (-9)/i. Suppose d*k - 55 = 5*n, 4*k - 58 = -0*n - n. What is the tens digit of k?
1
Suppose -5*j - 4*a - 16 = 0, j - 4 = -0*j + a. Suppose 10 = 2*f - 3*y, j*f + 3*f - 16 = 5*y. What is the units digit of f?
2
Let n be 10/(-4)*(-6 + 4). Let x be n*(-1 - 0)*-1. Suppose 2*f - 3 = 3*a, 10 = x*f - 0*f - 5*a. What is the units digit of f?
3
Let w = 21 - 8. Let l = 9 - w. Let k(n) = n + 5. What is the units digit of k(l)?
1
Let n = 321 - 216. What is the hundreds digit of n?
1
Let k = -83 - -193. What is the tens digit of k?
1
Suppose l + 3 - 6 = 0. Suppose 2*w + w + q - 52 = 0, 3*w - 48 = l*q. What is the units digit of w?
7
Suppose 4*w = 2*i - 2, -3 + 1 = -2*i - 4*w. Let l = 1 + i. Suppose -l*h + y + 15 = -2*y, 0 = h + y. What is the units digit of h?
3
Let g be -2 - 1 - (-2 - 7). Suppose 17 = k + 3*b, -2*k + 2*b - 48 = -g*k. What is the units digit of k?
1
Let o(g) = -g**3 - 3*g**2 + g - 5. Suppose t + 20 = -4*t. What is the units digit of o(t)?
7
Let n(f) = f**3 - 8*f**2 + 7*f + 4. Let h be n(7). Suppose 3*t - 7 = h*i - 1, -2*t + 4 = 3*i. Suppose 6*o - t*o = 48. What is the units digit of o?
2
Let m be (-3)/(3 + 0) + -3. Let g(t) = t**2 + 3*t - 5. Let n be g(m). Let c = 19 - n. What is the units digit of c?
0
Suppose -2*t + 210 - 62 = 0. What is the tens digit of t?
7
Let c(s) = s**2 + 2*s + 3. Let l = 2 - 4. Let m be c(l). Suppose -5*q + m = 3*x, -3*q + 0*q + 17 = -2*x. What is the units digit of q?
3
What is the tens digit of 52 + 5 - (-3 - -2)?
5
Suppose -2*f + 97 = -67. What is the tens digit of f?
8
Let i(d) = 35*d - 51. What is the tens digit of i(9)?
6
Let a = -2 - -4. Suppose -5*t = r + 3*r - 127, 58 = 2*t - a*r. What is the tens digit of t?
2
Let u(j) = -j**2 - 6*j - 4. Let q be u(-4). Let n = 5 - q. What is the units digit of n?
1
Let f(w) = -w**2 + 8*w - 1. What is the tens digit of f(5)?
1
Suppose -y + 4 = -8. What is the tens digit of y?
1
Let x = -12 - -15. What is the tens digit of ((-1)/(-3))/(x/90)?
1
Suppose 0 = 10*v - 12*v - 16. Let y = -5 - v. What is the units digit of y?
3
Let q(h) = 4*h**2 + 9*h + 4. Let a(b) = 3*b**2 + 8*b + 5. Let y be (0 + 2 + 0)/(-1). Let f(p) = y*q(p) + 3*a(p). What is the units digit of f(-6)?
7
Let q(a) = 2*a**2 - a - 3. Let f be q(2). Suppose -51 = -6*z + f*z. What is the units digit of z?
7
Let i(w) = -w**3 - w**2 + w + 4. Let r be i(0). Suppose 9 = -r*d + 5*d. What is the units digit of d?
9
Let x(u) = 3*u**2 - 3*u + 1. Let f be x(2). Let i = f + -2. Suppose -y + i*h + 28 = 4, 5*h = -20. What is the units digit of y?
4
What is the units digit of ((-2)/(-2))/(5/45)?
9
Let u(w) = w**2 - 4*w - 3. Let y be u(5). Let c(o) = 0*o**2 + o**y + 2 + 5*o + 1. What is the units digit of c(-6)?
9
Let w(i) = 6*i**2 - 26*i + 4. What is the hundreds digit of w(-3)?
1
Let x be 20/6 + (-1)/3. Let j(v) = -2*v**x + 2*v**2 - 1 + v**3 + 2*v**3 + 0*v**3 - 3*v. What is the units digit of j(-2)?
5
Suppose 6*j - 38 = 40. What is the tens digit of j?
1
Suppose 0 = b - 3 - 11. What is the units digit of 8/3 - b/21?
2
Let q(g) = -2*g**2 + 17*g + 16. Let o(c) = -c**2 + c. Let w(k) = 3*o(k) - q(k). What is the units digit of w(-12)?
8
Let w(p) = 41*p - 1. Let b be w(1). Suppose 2*t = -2*t + b. What is the units digit of t?
0
Let a = 134 + -3. What is the hundreds digit of a?
1
Suppose 4*m - 6 = -2*v, -m + 0*m - 2 = 0. Suppose -2*u - 3 = -v. Suppose 2*p - 28 = -u*s, -p + s - 53 = -5*p. What is the tens digit of p?
1
Let f(k) = 4*k**2 - 6*k - 6. What is the tens digit of f(5)?
6
Suppose 3*q - 29 = 2*b, 2*q - 13 + 3 = -b. What is the units digit of q?
7
Suppose 3*y - 91 = -34. What is the units digit of y?
9
Let l(t) = t + 2. Let j be 3/3*1*12. Suppose 0 = 4*p + 4 - j. What is the units digit of l(p)?
4
Suppose -75 + 17 = -3*t - p, 0 = 2*t - 2*p - 36. Suppose -4*b + t = -37. What is the tens digit of b?
1
Let c = -1 + 5. Let f = 3 + c. What is the units digit of f?
7
Let d(u) = -95*u**3 + u + 1. Let j be d(-1). Suppose 3 = z + 2*r + 29, 3*r + j = -5*z. Let x = z + 23. What is the units digit of x?
7
Suppose b = 5*l - 10, -4*l + 32 = 4*b - 0*b. Suppose 2*a + 5*n = -1, a - l*n = n - 7. Let i = -2 - a. What is the units digit of i?
1
Let w(p) = p**2 + 3*p. Let o = -11 - -6. What is the units digit of w(o)?
0
Let b(j) = j**2 + 16*j + 7. Let h(y) = y + 1. Let c(x) = -b(x) + h(x). What is the units digit of c(-7)?
0
Suppose 20*f + 107 = 21*f. What is the hundreds digit of f?
1
What is the tens digit of (0 + (1 - -32))*1?
3
Let y(h) = -4*h + 3*h - 3*h - 3 + 1. What is the units digit of y(-6)?
2
Suppose 2*p - 4 = 4, -5*p + 81 = u. What is the tens digit of u?
6
Let m(h) = 2*h**3 - 2*h**2 + h - 5. What is the tens digit of m(3)?
3
Let r(h) = h + 67. What is the units digit of r(-17)?
0
Let q be (4 - 1) + 4/2. Suppose 5*x - 12 = 2*o - o, 3*o + 6 = q*x. Suppose x*w - w - 6 = 0. What is the units digit of w?
3
Let z = 58 + -32. What is the units digit of z?
6
Suppose -2*q = -g - 7 - 30, 0 = -5*g + 25. Suppose -7*f + 4*f = -2*s + q, 5*s + 2*f - 100 = 0. What is the tens digit of s?
1
Suppose 2*b - 24 = -b. What is the units digit of 2/b + (-14)/(-8)?
2
Let j(p) = 11*p + 5. What is the tens digit of j(1)?
1
Suppose -3*n - 4*q - 3 = -2*n, 3*q + 12 = -4*n. Let g = 3 + n. Suppose g = 4*b - 0 - 52. What is the tens digit of b?
1
Let g(c) = -c + 1. Let x be g(-3). Suppose -x*y + 36 = 4*v, -46 = -2*y - 2*y + v. What is the tens digit of y?
1
Let y = 11 - 8. Suppose 3*c - 3 = y. What is the units digit of c?
2
Suppose 0 = 4*k - 0*k. Let a = 1 + k. Let q(v) = 5*v**3 + 2*v - 1. What is the units digit of q(a)?
6
Suppose -2 - 2 = -4*m. Let x(z) = 11*z + 2*z**2 - m - 11*z. What is the units digit of x(2)?
7
Let i = 30 + 110. What is the hundreds digit of i?
1
Let b = -57 - -418. What is the units digit of b?
1
Suppose y - 3*a - 13 = 0, -3*y + 2*a = 5*a + 9. Let i be (-1)/(-2) + y/2. What is the units digit of i/((-45)/(-21) - 2)?
7
Let u(l) = -l**3 + 31*l**2 - 29*l + 37. What is the tens digit of u(30)?
6
Let y be (-1)/2 + (-7)/(-14). Suppose y = -3*k - k + 80. What is the units digit of k?
0
Let t be 1359/(-27) - (-2)/(-3). Let y = 99 + t. What is the tens digit of y?
4
Let k(z) = 2*z - 2*z**3 + 11*z**2 - 4*z - 11 + 3*z**3. What is the tens digit of k(-11)?
1
What is the tens digit of -2*14*28/(-8)?
9
What is the tens digit of 92/6*12*(-3)/(-24)?
2
Let f(g) = -g**2 + 6*g - 5. Let y be f(3). Suppose -y*x - 5*w + 65 = -0*x, x - 12 = 3*w. What is the units digit of x?
5
Let q(g) = -g**3 + 13*g**2 + 19*g + 13. What is the units digit of q(14)?
3
Let d be ((-12)/9)/(6/(-9)). Let p = d + 6. What is the units digit of p?
8
Suppose -j - 2 = -4. Suppose -3*v + 2 = -j*v. What is the units digit of v?
2
What is the hundreds digit of (2/9 - 35/(-45))*207?
2
Let s(v) = v**2 + 11*v + 12. Let g be s(-10). Suppose 2*u = -d - 6, -5*u - 16 = -2*d - 2*u. Suppose b + 2*t = 14, -d*b + t = -g*t. What is the units digit of b?
6
Let